{"id":273,"date":"2019-10-10T16:37:27","date_gmt":"2019-10-10T16:37:27","guid":{"rendered":"http:\/\/design.brafton.com\/oliverwight\/product\/el-checklist-de-clase-a-para-la-excelencia-empresarial-de-oliver-wight\/"},"modified":"2020-05-14T17:25:24","modified_gmt":"2020-05-14T17:25:24","slug":"el-checklist-de-clase-a-para-la-excelencia-empresarial-de-oliver-wight","status":"publish","type":"product","link":"http:\/\/design.brafton.com\/oliverwight\/product\/el-checklist-de-clase-a-para-la-excelencia-empresarial-de-oliver-wight\/","title":{"rendered":"El Checklist de Clase A para la Excelencia Empresarial de Oliver Wight"},"content":{"rendered":"<p>Ahora en esta nueva edici\u00f3n del &#8220;Checklist de Clase A para la Excelencia Empresarial de Oliver Wight&#8221; se ha ampliado el enfoque para abarcar todas las funciones del Negocio y orientarlas apoyando su gesti\u00f3n hacia la excelencia total.<\/p>\n<p>Adem\u00e1s, ahora y de manera acorde con las exigencias del mundo actual, es necesario demostrar un rendimiento empresarial excepcional para poder obtener el deseado galard\u00f3n de la Clase &#8216;A&#8217;.<\/p>\n<p>La Certificaci\u00f3n de Clase A es el Reconocimieto de Excelencia de mayor tradici\u00f3n en las Pr\u00e1cticas Empresariales con amplia reputaci\u00f3n Internacional. Reconoce los esfuerzos de su gente y puede ser modelo para demostrar los esfuerzos de su organizaci\u00f3n en favor de sus Clientes, Consumidores y Proveedores.<\/p>\n<p>Sus cap\u00edtulos se alinean con los Procesos Neur\u00e1lgicos (core process) y con los responsables de dichos procesos, cubriendo el Negocio Total. Son nueve cap\u00edtulos que describen las Ultimas y Probadas Mejores Pr\u00e1cticas.<\/p>\n<p>Cuatro Cap\u00edtuos Prioritarios donde se reunen los procesos y las pr\u00e1cticas comunes a todos los procesos empresariales y que soportan a todo el Negocio para que logre su Excelencia:<\/p>\n<p>Planeaci\u00f3n estrat\u00e9gica<br \/>\nGerencia y Liderazgo de las Personas<br \/>\nDirecci\u00f3n de la Mejora Empresarial<br \/>\nAdministraci\u00f3n Integrada del Negocio<\/p>\n<p>Estos dan soporte a cinco cap\u00edtulos siguientes que direccionan hacia los dem\u00e1s procesos fundamentales de la Gerencia de la mayor\u00eda de las Empresas.<\/p>\n<p>Gesti\u00f3n de Productos y Servicios<br \/>\nAdministraci\u00f3n de los Procesos de la Demanda<br \/>\nAdministraci\u00f3n de la Cadena de Abastecimiento<br \/>\nAdministraci\u00f3n del Suministro Interno (Procesos de la Planeaci\u00f3n y Control)<br \/>\nAdministraci\u00f3n del Suministro Externo (Procesos de Compra: Planeaci\u00f3n y coordinaci\u00f3n del Suministro)<\/p>\n<p>Est\u00e1 orientada para que su Gente puedan ver por s\u00ed mismos qu\u00e9 es la &#8220;Excelencia&#8221; y qu\u00e9 es lo que cada uno debe hacer para que su compa\u00f1\u00eda sea Excelente.<\/p>\n<p>Su Metodolog\u00eda de Medici\u00f3n le permitir\u00e1 a usted visualizar y medir el progreso hacia la excelencia en cada uno de sus Procesos de Negocio.<\/p>\n","protected":false},"excerpt":{"rendered":"<p>Ahora en esta nueva edici\u00f3n del &#8220;Checklist de Clase A para la Excelencia Empresarial de Oliver Wight&#8221; se ha ampliado el enfoque para abarcar todas las funciones del Negocio y orientarlas apoyando su gesti\u00f3n hacia la excelencia total. Adem\u00e1s, ahora&#8230;<\/p>\n","protected":false},"featured_media":2557,"comment_status":"closed","ping_status":"closed","template":"","meta":[],"_links":{"self":[{"href":"http:\/\/design.brafton.com\/oliverwight\/wp-json\/wp\/v2\/product\/273"}],"collection":[{"href":"http:\/\/design.brafton.com\/oliverwight\/wp-json\/wp\/v2\/product"}],"about":[{"href":"http:\/\/design.brafton.com\/oliverwight\/wp-json\/wp\/v2\/types\/product"}],"replies":[{"embeddable":true,"href":"http:\/\/design.brafton.com\/oliverwight\/wp-json\/wp\/v2\/comments?post=273"}],"wp:featuredmedia":[{"embeddable":true,"href":"http:\/\/design.brafton.com\/oliverwight\/wp-json\/wp\/v2\/media\/2557"}],"wp:attachment":[{"href":"http:\/\/design.brafton.com\/oliverwight\/wp-json\/wp\/v2\/media?parent=273"}],"curies":[{"name":"wp","href":"https:\/\/api.w.org\/{rel}","templated":true}]}}